x(h) be the second derivative of h**3/2 + h**2/2 + 6*h. Let q = 130 + -136. What is x(q)?
-17
Let x(z) = 7*z - 43. Let k(a) = a**2 + 104*a + 684. Let m be k(-7). Calculate x(m).
-8
Let o = 37 + -36. Let b(d) = 11*d + 1. What is b(o)?
12
Let f(g) = -g**3 + 5*g**2 - 3*g + 3. Suppose -5*p + 4*p - 5 = 0. Let i be (-2 - -7)/(p/(-5)). Determine f(i).
-12
Let z(h) be the second derivative of h**4/12 + 8*h**3/3 - 3*h**2 + 12*h. Let f be z(-16). Let k(a) = a**2 + 5*a + 2. Determine k(f).
8
Let m(u) = u**2 + 14*u + 10. Let t = 1085 - 1099. What is m(t)?
10
Suppose 0 = 3*t + 3, -b + 5 = t - 14. Suppose 0 = -4*d + s + b, 5*s + 8 = d + 3. Let m(w) = -3*w + 0*w + d*w + 0*w + w**2 - 4. What is m(-4)?
4
Let w = 499 + -504. Let g(m) = m**3 + 4*m**2 - 7*m - 7. Give g(w).
3
Let f be 1 - (-16)/18 - 58/(-522). Let d(w) = 2*w - 5 + 2 + 0. Give d(f).
1
Suppose 3*m = 5*p + 15, -m + 49 - 48 = -p. Let u(a) = -a**3 - 7*a**2 - 9*a - 5. Give u(p).
13
Let u(y) = 7*y - 4*y**2 + 22 + 3*y**2 - 27. Let o be (-6)/15 + 22/5. Give u(o).
7
Let d(o) = 2*o**2 + 7*o + 2. Let i be (-26)/(-8) - 21/(-28). Let c(w) = -3*w**2 - 8*w - 3. Let p(n) = i*d(n) + 3*c(n). What is p(4)?
-1
Let x(h) = -h**2 + h - 14. Suppose -3*k - 20 = -4*i, -3*k + 3*i = -4*k + 15. Suppose q + 0*q = k. Suppose q = -2*w - 7*l + 3*l, -5*l = 2*w. What is x(w)?
-14
Let t(j) = -5*j. Let s(k) = -10*k - 1. Let g(z) = -2*s(z) + 5*t(z). Let i(x) = -14*x + 96. Let c be i(7). Determine g(c).
12
Suppose -5*i - i = 4*i. Let x(k) = -k + 8. Give x(i).
8
Let i(z) = -z - 2. Let f be -11 + (-6)/2*-2. Calculate i(f).
3
Suppose 0 = -0*g + 8*g + 40. Let y be 6/(-15) + (-18)/5. Let l(j) = j**2 + 3*j + 4. Let f(n) = -n**2 - 3*n - 5. Let a(u) = y*l(u) - 3*f(u). Give a(g).
-11
Suppose 0 = h - 2 + 6. Let u be (h/(-5))/(1/5). Let l(m) = 2 + 0*m + 2*m + m - u*m. Give l(2).
0
Suppose -4*c = -3 + 11. Let m be (c/(-3))/(2/(-6)). Let z(q) be the third derivative of q**5/60 + q**4/24 + q**3/6 - 6*q**2. Give z(m).
3
Let p(z) = -8*z - 3*z**2 + 2 + 2*z**2 - 8. Let c be (26/(-6) + 3)*-36. Let j = 42 - c. Determine p(j).
6
Let i(t) = -3*t - 1. Let o(y) = 15*y + 6. Let h(m) = 4*i(m) + o(m). Calculate h(-9).
-25
Suppose -2*r - 7 = 5*b, 1 + 6 = -3*r - 4*b. Let v(p) = 19*p + 5. Let w(k) = 1. Let g(a) = -v(a) + 5*w(a). Calculate g(r).
19
Let a(z) = -z**3 - 9*z**2 - 7*z + 6. Suppose -i + 4*m - 2 = 2, m = -i - 9. Give a(i).
-2
Let u(k) = -k. Let f(c) be the second derivative of -c**4/12 - c**3/6 - c**2 + 10*c. Let z be f(-2). Determine u(z).
4
Let c be ((-8)/(-6))/((-2)/(-9)). Let r(j) = 3 + 7*j**2 - 110*j**3 - 6*j - 123*j**3 + 232*j**3. Calculate r(c).
3
Let c(i) = 350*i**2 + 0*i**3 - 351*i**2 - 15*i**3. Give c(-1).
14
Suppose 22 - 20 = k - l, 0 = 3*k - 4*l - 10. Let r(s) = -2*s**3 - s**2 - s - 2. Give r(k).
12
Let q(t) = -3*t - t - 60 + 64 + 2*t. Suppose -15 = -5*h + 2*h. Determine q(h).
-6
Let l(x) = 2*x**3 - 4*x**2 + 3*x + 2. Suppose -5*i - 4*j - 18 = -7*i, 21 = 5*i - 2*j. Give l(i).
29
Let k(r) = -21*r**2 - 20*r - 7. Let t(y) = 3*y**2 + 3*y + 1. Let q(x) = -k(x) - 6*t(x). Let o(n) = n**2 - 1. Let j be o(0). Determine q(j).
2
Let v(y) be the third derivative of -y**6/120 + y**5/12 + 5*y**4/12 - 5*y**3/6 - 10*y**2 - 1. Give v(7).
-33
Let r(w) be the first derivative of w**4/4 - 5*w**3/3 - 5*w**2/2 - 8*w - 1. Suppose -2*s + 142 = -2*k - 0*k, 0 = -2*k + s - 140. Let l = k - -75. What is r(l)?
-2
Suppose 21 = 14*x - 11*x. Let j(q) = 1 - q**2 - 8 - 1 + 6 + x*q. Give j(7).
-2
Let m(y) = 35*y**3 - 23*y**2 + 10*y + 14. Let x(w) = -78*w**3 + 47*w**2 - 21*w - 29. Let q(l) = 9*m(l) + 4*x(l). What is q(6)?
10
Let t(p) = -7*p**2 - p + 3. Let h(s) = 13*s**2 + s - 4. Let u(j) = 6*h(j) + 11*t(j). Calculate u(8).
33
Let m(h) = h**3 - 14*h**2 - 17*h + 36. Let v be m(15). Suppose 5*k + 2 = 12. Let c(y) = -2*y**2 + 3*y**k + 4 - y - 5*y. Determine c(v).
4
Let a(x) = -x**2. Let l(v) = v**2 + 2*v - 3. Let s(o) = -a(o) + l(o). Suppose -5*p + 5 + 5 = 0. Suppose 0 = -p*t - 3 + 7. Calculate s(t).
9
Let w(q) = 5 - 3 + 7*q + 12*q**2 + 18*q**2 - 38*q**2 + 9*q**2. Determine w(-5).
-8
Let h = -124 - -56. Let y be (-5)/(-25) + h/(-10). Let b(v) = -8*v**2 - 13*v - 14. Let n(t) = -19*t**2 - 28*t - 32. Let g(w) = 7*b(w) - 3*n(w). Give g(y).
-2
Let h(w) be the third derivative of w**7/420 + w**6/90 + w**5/40 + w**4/12 + 19*w**3/6 + 3*w**2. Let j(c) be the first derivative of h(c). Give j(-2).
-4
Let x(w) = 6*w - 1. Let q = 10 + -20. Let k(j) = j. Let r(z) = -z. Let u(n) = 2*k(n) + r(n). Let h(i) = q*u(i) + 2*x(i). Give h(6).
10
Let g(l) be the first derivative of 9*l**2/2 - 13*l - 6. Let t(n) = 2 + 5*n - 1 - 8. Let m(p) = 6*g(p) - 11*t(p). Determine m(-6).
5
Let g(y) = y**3 + 7*y**2 + y + 12. Let l be g(-7). Suppose d + 5*a = -17, a - 14 = l*d + 19. Let h(j) be the second derivative of j**3/6 - j. What is h(d)?
-7
Let m(p) be the first derivative of -1/2*p**2 - 18*p + 1/4*p**4 - 9 + 0*p**3. What is m(0)?
-18
Let q be (-28)/6*15/10 - -2. Let w(p) = 3 - 5 + 7*p - 3*p + 3*p**2 - 2*p**2. What is w(q)?
3
Let r(p) = -7*p**3 + 2*p**2 - p. Let y be r(1). Let z(i) = 7*i + 4. Let n(s) = -2*s. Let q(x) = -6*n(x) - 2*z(x). What is q(y)?
4
Let m be (-46)/(-10) + 4/10. Let b(n) = -134*n**2 + 48*n**2 + 4*n + 85*n**2 - 3. Determine b(m).
-8
Suppose -3*d - 1 = -n, -2*d - 39 + 8 = -5*n. Let s(w) = 3*w**2 + 5*w + n - 23*w**3 - 11*w**2 + 37*w**3 - 13*w**3. What is s(7)?
-7
Suppose -4 - 8 = -6*m. Let a(u) = -15*u**m + 34*u**2 - 10*u - 7*u**2 + 12 - 11*u**2. Calculate a(8).
-4
Let u(q) be the first derivative of q**4/4 - 2*q**3 + 3*q**2/2 + 2*q - 37. Give u(6).
20
Let w(y) = -y + y - 7*y. Let v = 1739 - 1738. Calculate w(v).
-7
Suppose 0 = 5*r + 24 - 79. Suppose -5*z - r = 4. Let y(j) = -2*j**2 - 2*j + 3. What is y(z)?
-9
Suppose 10 - 13 = 3*k. Let n(l) = 13*l**3 + 5*l**2 + 2*l + 5. Let b(a) = -7*a**3 - 3*a**2 - a - 3. Let g(t) = -5*b(t) - 3*n(t). Give g(k).
5
Suppose 2338*p = 2346*p - 16. Suppose 5*i = -3*g + 14, -3*g + 17 = 5*i + g. Let j(t) = -t**3 + 2*t**2 + 3*t**2 + i - 3*t**2 + t. Determine j(p).
3
Let d(u) be the first derivative of -1/2*u**2 + 4*u - 1/3*u**3 + 9. Calculate d(-4).
-8
Let g(h) be the third derivative of -h**4/8 - 2*h**3/3 - 157*h**2. What is g(-5)?
11
Let j be 10*2/3*12/(-16). Let g(b) = b**2 + 8*b - 4. Let h(w) = -2*w**2 - 17*w + 8. Let y(m) = j*g(m) - 2*h(m). Calculate y(-7).
-3
Let o be 3/(2 + 1/(-2)). Let d(a) = -o*a**2 + 2*a**3 - 2 + 2. Suppose -2*f = h - 17 + 3, -f + 4 = -h. Give d(h).
8
Suppose -5*h + h - 24 = 0. Suppose 3*u + 9 = -6, 0 = 2*q + 3*u + 15. Let a(y) = 2*y - 1 + q - 3 + 6. Determine a(h).
-10
Let p be (56/(-10))/(20/50). Let d(w) = w**3 + 14*w**2 - 2*w - 28. What is d(p)?
0
Suppose 17 = -2*m + 19. Let c(h) = 2 + m - 155*h + 158*h. Determine c(-2).
-3
Let g(v) = v**2 + 1. Let b(h) = -4*h + 41. Let y be b(10). Let u(x) = -x**3 - 7*x**2 + 7*x - 8. Let r(o) = y*u(o) + 2*g(o). Give r(-6).
-12
Suppose 4*c = 4, -17 - 21 = 4*z - 2*c. Let m(t) be the first derivative of -t**3/3 - 4*t**2 + 13*t + 3. Determine m(z).
4
Let z = -509 - -511. Let b(x) = x - 5. Determine b(z).
-3
Let u(z) = 4*z + 5. Let s = -27 + 19. Let l(v) = 12*v + 14. Let x(f) = s*u(f) + 3*l(f). Give x(-3).
-10
Let g(l) = -l - 3. Let h be (-3 - (-5 - -1)) + 0. Suppose -4*d + 29 = -2*f - 7*d, -3*f = -4*d + h. Give g(f).
4
Let v(f) = -5*f + 4*f**2 - 2*f**2 - f**2. Let d be -2*3/(-48) - (-33)/(-8). Let c be -5*d/40*10. What is v(c)?
0
Let d(j) = -397 + 397 + 4*j - 8*j. Determine d(-1).
4
Let t(k) = -2*k**2 + 16*k - 10. Suppose -13*d = -4 - 100. Give t(d).
-10
Let i(k) be the second derivative of k**4/12 + 2*k**3/3 - 2*k**2 + k. Let g(p) = 14 - 5 + 2*p + 18. Let h be g(-16). What is i(h)?
1
Let r(z) be the first derivative of z**4/12 + z**3/6 + 2*z**2 + 11*z - 51. Let f(j) be the first derivative of r(j). What is f(4)?
24
Let q(p) = -p - 2. Let m be q(-6). Suppose 2*k - 4*k + m*d = -22, -12 = 3*d. Let a(b) = -b**2 + b. Determine a(k).
-6
Let p(q) = -q**2 - q - 2. Let u(g) = 6*g**2 + 4*g + 9. Let t(v) = 11*p(v) + 2*u(v). Suppose -30 = -5*c + x - 16, -2*c = 5*x - 11. What is t(c)?
-4
Let p = -137 + 139. Let i(x) = -x**2 + 2*x + 2. What is i(p)?
2
Let b(u) be the first derivative of -2*u**3/3 + 3*u**2 - 5*u + 71. Determine b(4).
-13
Let x(a) = -15*a + 401. Let i be x(27). Let n(y) = 5*y**2 - 12*y + 13. Let h(g) = 0 -